{"id":6038,"date":"2026-01-06T03:26:57","date_gmt":"2026-01-06T02:26:57","guid":{"rendered":"https:\/\/clinicadelpcrga.cl\/tienda\/?post_type=product&#038;p=6038"},"modified":"2026-01-08T22:32:57","modified_gmt":"2026-01-09T01:32:57","slug":"kit-bh-10-ch-10","status":"publish","type":"product","link":"https:\/\/clinicadelpcrga.cl\/tienda\/producto\/kit-bh-10-ch-10\/","title":{"rendered":"Kit BH-10 + CH-10"},"content":{"rendered":"<h2 class=\"ui-pdp-description__title\" data-testid=\"title\">Descripci\u00f3n<\/h2>\n<p class=\"ui-pdp-description__content\" data-testid=\"content\">Kit de cabezales de impresi\u00f3n Canon Black Bh-10 y Color Ch-10 Fabricante: Canon Compatible con impresoras: Pixma Mega Tank G5010 G6010 G7010 G2160 G3160 Tipo: cabezal de impresi\u00f3n Color: negro Bh-10 y color Ch-10 Resoluci\u00f3n de impresi\u00f3n: 4800 x 1200 dpi<\/p>\n","protected":false},"excerpt":{"rendered":"<h1 class=\"ui-pdp-title\">Kit de cabezales de impresi\u00f3n Canon Bh-10 en negro y en color Ch-10<\/h1>\n","protected":false},"featured_media":6036,"template":"","meta":{"_uag_custom_page_level_css":""},"product_brand":[108],"product_cat":[61,55],"product_tag":[],"class_list":{"0":"post-6038","1":"product","2":"type-product","3":"status-publish","4":"has-post-thumbnail","6":"product_brand-canon","7":"product_cat-impresoras-y-suministros","8":"product_cat-partes-y-piezas-componentes","10":"first","11":"instock","12":"shipping-taxable","13":"purchasable","14":"product-type-simple"},"uagb_featured_image_src":{"full":["https:\/\/clinicadelpcrga.cl\/tienda\/wp-content\/uploads\/2026\/01\/Kit-BH-1-CH-1.png",1024,1024,false],"thumbnail":["https:\/\/clinicadelpcrga.cl\/tienda\/wp-content\/uploads\/2026\/01\/Kit-BH-1-CH-1-150x150.png",150,150,true],"medium":["https:\/\/clinicadelpcrga.cl\/tienda\/wp-content\/uploads\/2026\/01\/Kit-BH-1-CH-1-300x300.png",300,300,true],"medium_large":["https:\/\/clinicadelpcrga.cl\/tienda\/wp-content\/uploads\/2026\/01\/Kit-BH-1-CH-1-768x768.png",768,768,true],"large":["https:\/\/clinicadelpcrga.cl\/tienda\/wp-content\/uploads\/2026\/01\/Kit-BH-1-CH-1.png",1024,1024,false],"1536x1536":["https:\/\/clinicadelpcrga.cl\/tienda\/wp-content\/uploads\/2026\/01\/Kit-BH-1-CH-1.png",1024,1024,false],"2048x2048":["https:\/\/clinicadelpcrga.cl\/tienda\/wp-content\/uploads\/2026\/01\/Kit-BH-1-CH-1.png",1024,1024,false],"woocommerce_archive_thumbnail":["https:\/\/clinicadelpcrga.cl\/tienda\/wp-content\/uploads\/2026\/01\/Kit-BH-1-CH-1-500x500.png",500,500,true],"mailpoet_newsletter_max":["https:\/\/clinicadelpcrga.cl\/tienda\/wp-content\/uploads\/2026\/01\/Kit-BH-1-CH-1.png",1024,1024,false],"woocommerce_thumbnail":["https:\/\/clinicadelpcrga.cl\/tienda\/wp-content\/uploads\/2026\/01\/Kit-BH-1-CH-1-500x500.png",500,500,true],"woocommerce_single":["https:\/\/clinicadelpcrga.cl\/tienda\/wp-content\/uploads\/2026\/01\/Kit-BH-1-CH-1-600x600.png",600,600,true],"woocommerce_gallery_thumbnail":["https:\/\/clinicadelpcrga.cl\/tienda\/wp-content\/uploads\/2026\/01\/Kit-BH-1-CH-1-100x100.png",100,100,true]},"uagb_author_info":{"display_name":"pcrga2025t","author_link":"https:\/\/clinicadelpcrga.cl\/tienda\/author\/"},"uagb_comment_info":0,"uagb_excerpt":"Kit de cabezales de impresi\u00f3n Canon Bh-10 en negro y en color Ch-10","jetpack_sharing_enabled":true,"_links":{"self":[{"href":"https:\/\/clinicadelpcrga.cl\/tienda\/wp-json\/wp\/v2\/product\/6038","targetHints":{"allow":["GET"]}}],"collection":[{"href":"https:\/\/clinicadelpcrga.cl\/tienda\/wp-json\/wp\/v2\/product"}],"about":[{"href":"https:\/\/clinicadelpcrga.cl\/tienda\/wp-json\/wp\/v2\/types\/product"}],"wp:featuredmedia":[{"embeddable":true,"href":"https:\/\/clinicadelpcrga.cl\/tienda\/wp-json\/wp\/v2\/media\/6036"}],"wp:attachment":[{"href":"https:\/\/clinicadelpcrga.cl\/tienda\/wp-json\/wp\/v2\/media?parent=6038"}],"wp:term":[{"taxonomy":"product_brand","embeddable":true,"href":"https:\/\/clinicadelpcrga.cl\/tienda\/wp-json\/wp\/v2\/product_brand?post=6038"},{"taxonomy":"product_cat","embeddable":true,"href":"https:\/\/clinicadelpcrga.cl\/tienda\/wp-json\/wp\/v2\/product_cat?post=6038"},{"taxonomy":"product_tag","embeddable":true,"href":"https:\/\/clinicadelpcrga.cl\/tienda\/wp-json\/wp\/v2\/product_tag?post=6038"}],"curies":[{"name":"wp","href":"https:\/\/api.w.org\/{rel}","templated":true}]}}