{"id":5957,"date":"2025-12-31T03:04:11","date_gmt":"2025-12-31T02:04:11","guid":{"rendered":"https:\/\/clinicadelpcrga.cl\/tienda\/?post_type=product&#038;p=5957"},"modified":"2025-12-31T03:04:11","modified_gmt":"2025-12-31T02:04:11","slug":"audifono-hp-dhe-7002-in-ear-con-microfono","status":"publish","type":"product","link":"https:\/\/clinicadelpcrga.cl\/tienda\/producto\/audifono-hp-dhe-7002-in-ear-con-microfono\/","title":{"rendered":"Aud\u00edfono HP DHE-7002 In-Ear con Micr\u00f3fono"},"content":{"rendered":"<p>Detalles del producto<\/p>\n<p>Aud\u00edfono HP DHE-7002 In-Ear con Micr\u00f3fono Puede utilizarse en celulares c\u00f3mo tambi\u00e9n en Laptop (con una sola entrada para auricular y micr\u00f3fono), PS4 y Xbox. Stereo Deep Bass con micr\u00f3fono y control de Volumen. Tecnolog\u00eda de recubrimiento de cable que previene enriedos. Bot\u00f3n Smart incorporado. Entrada Auxiliar 3.5mm. Funci\u00f3n manos libres para hablar por celular. Cable de 1,3m. Micr\u00f3fono omnidireccional dual intercambiable. Sonido: Est\u00e9reo. Respuesta frecuencia: 20 Hz \u2013 20 KHz. Sensibilidad del altavoz: 103 dB \u00b1 3 dB. Impedancia del altavoz: 32. Tipo de micr\u00f3fono: Omnidireccional. Conectores: 1 Conector de 3,5 mm. Longitud del cable: 1,2 m.<br \/>\nAud\u00edfono In Ear C\/Mic Para Chat Desmontable. La nueva l\u00ednea de HP lleg\u00f3 para quedarse, tecnolog\u00eda de primer nivel para gaming y oficinas. Puede utilizarse en celulares c\u00f3mo tambi\u00e9n en Laptop (con una sola entrada para auricular y micr\u00f3fono), PS4 y Xbox<\/p>\n<p>&#8211; Stereo Deep Bass con micr\u00f3fono y control de Volumen<br \/>\n&#8211; Tecnolog\u00eda de recubrimiento de cable que previene enriedos<br \/>\n&#8211; Bot\u00f3n Smart incorporado<br \/>\n&#8211; Entrada Auxiliar 3.5mm<br \/>\n&#8211; Funci\u00f3n manos libres para hablar por celular<br \/>\n&#8211; Cable de 1,3m<br \/>\n&#8211; Micr\u00f3fono omnidireccional dual intercambiable<\/p>\n<p>&#8211; Interfaz: 3,5 mm<br \/>\n&#8211; El tama\u00f1o del cuerno: 4 10 mm<br \/>\n&#8211; Rango de frecuencia: 20 hz &#8211; 20 KHZ 5<br \/>\n&#8211; Sensibilidad: 103 db a 1 KHZ<br \/>\n&#8211; La potencia de salida: 10 mw<br \/>\n&#8211; El micr\u00f3fono: 4 mm<br \/>\n&#8211; Enchufe el micr\u00f3fono: 4 mm<br \/>\n&#8211; El rango de frecuencia: 100 hz &#8211; 16 KHZ<br \/>\n&#8211; Sensibilidad: relaci\u00f3n se\u00f1al \/ ruido: 58dB<\/p>\n","protected":false},"excerpt":{"rendered":"<p>Aud\u00edfono In Ear C\/Mic Para Chat Desmontable. La nueva l\u00ednea de HP lleg\u00f3 para quedarse,<br \/>\ntecnolog\u00eda de primer nivel para gaming y oficinas. Puede utilizarse en celulares<br \/>\nc\u00f3mo tambi\u00e9n en Laptop (con una sola entrada para auricular y micr\u00f3fono), PS4 y Xbox<\/p>\n","protected":false},"featured_media":5708,"template":"","meta":{"_uag_custom_page_level_css":""},"product_brand":[88],"product_cat":[77],"product_tag":[],"class_list":{"0":"post-5957","1":"product","2":"type-product","3":"status-publish","4":"has-post-thumbnail","6":"product_brand-hp","7":"product_cat-audio","9":"first","10":"instock","11":"shipping-taxable","12":"purchasable","13":"product-type-simple"},"uagb_featured_image_src":{"full":["https:\/\/clinicadelpcrga.cl\/tienda\/wp-content\/uploads\/2025\/12\/Audifono-Gamer-Hp-In-Ear-Dhe-7002-Mic.webp",540,540,false],"thumbnail":["https:\/\/clinicadelpcrga.cl\/tienda\/wp-content\/uploads\/2025\/12\/Audifono-Gamer-Hp-In-Ear-Dhe-7002-Mic-150x150.webp",150,150,true],"medium":["https:\/\/clinicadelpcrga.cl\/tienda\/wp-content\/uploads\/2025\/12\/Audifono-Gamer-Hp-In-Ear-Dhe-7002-Mic-300x300.webp",300,300,true],"medium_large":["https:\/\/clinicadelpcrga.cl\/tienda\/wp-content\/uploads\/2025\/12\/Audifono-Gamer-Hp-In-Ear-Dhe-7002-Mic.webp",540,540,false],"large":["https:\/\/clinicadelpcrga.cl\/tienda\/wp-content\/uploads\/2025\/12\/Audifono-Gamer-Hp-In-Ear-Dhe-7002-Mic.webp",540,540,false],"1536x1536":["https:\/\/clinicadelpcrga.cl\/tienda\/wp-content\/uploads\/2025\/12\/Audifono-Gamer-Hp-In-Ear-Dhe-7002-Mic.webp",540,540,false],"2048x2048":["https:\/\/clinicadelpcrga.cl\/tienda\/wp-content\/uploads\/2025\/12\/Audifono-Gamer-Hp-In-Ear-Dhe-7002-Mic.webp",540,540,false],"woocommerce_archive_thumbnail":["https:\/\/clinicadelpcrga.cl\/tienda\/wp-content\/uploads\/2025\/12\/Audifono-Gamer-Hp-In-Ear-Dhe-7002-Mic-500x500.webp",500,500,true],"mailpoet_newsletter_max":["https:\/\/clinicadelpcrga.cl\/tienda\/wp-content\/uploads\/2025\/12\/Audifono-Gamer-Hp-In-Ear-Dhe-7002-Mic.webp",540,540,false],"woocommerce_thumbnail":["https:\/\/clinicadelpcrga.cl\/tienda\/wp-content\/uploads\/2025\/12\/Audifono-Gamer-Hp-In-Ear-Dhe-7002-Mic-500x500.webp",500,500,true],"woocommerce_single":["https:\/\/clinicadelpcrga.cl\/tienda\/wp-content\/uploads\/2025\/12\/Audifono-Gamer-Hp-In-Ear-Dhe-7002-Mic.webp",540,540,false],"woocommerce_gallery_thumbnail":["https:\/\/clinicadelpcrga.cl\/tienda\/wp-content\/uploads\/2025\/12\/Audifono-Gamer-Hp-In-Ear-Dhe-7002-Mic-100x100.webp",100,100,true]},"uagb_author_info":{"display_name":"pcrga2025t","author_link":"https:\/\/clinicadelpcrga.cl\/tienda\/author\/"},"uagb_comment_info":0,"uagb_excerpt":"Aud\u00edfono In Ear C\/Mic Para Chat Desmontable. La nueva l\u00ednea de HP lleg\u00f3 para quedarse, tecnolog\u00eda de primer nivel para gaming y oficinas. Puede utilizarse en celulares c\u00f3mo tambi\u00e9n en Laptop (con una sola entrada para auricular y micr\u00f3fono), PS4 y Xbox","jetpack_sharing_enabled":true,"_links":{"self":[{"href":"https:\/\/clinicadelpcrga.cl\/tienda\/wp-json\/wp\/v2\/product\/5957","targetHints":{"allow":["GET"]}}],"collection":[{"href":"https:\/\/clinicadelpcrga.cl\/tienda\/wp-json\/wp\/v2\/product"}],"about":[{"href":"https:\/\/clinicadelpcrga.cl\/tienda\/wp-json\/wp\/v2\/types\/product"}],"wp:featuredmedia":[{"embeddable":true,"href":"https:\/\/clinicadelpcrga.cl\/tienda\/wp-json\/wp\/v2\/media\/5708"}],"wp:attachment":[{"href":"https:\/\/clinicadelpcrga.cl\/tienda\/wp-json\/wp\/v2\/media?parent=5957"}],"wp:term":[{"taxonomy":"product_brand","embeddable":true,"href":"https:\/\/clinicadelpcrga.cl\/tienda\/wp-json\/wp\/v2\/product_brand?post=5957"},{"taxonomy":"product_cat","embeddable":true,"href":"https:\/\/clinicadelpcrga.cl\/tienda\/wp-json\/wp\/v2\/product_cat?post=5957"},{"taxonomy":"product_tag","embeddable":true,"href":"https:\/\/clinicadelpcrga.cl\/tienda\/wp-json\/wp\/v2\/product_tag?post=5957"}],"curies":[{"name":"wp","href":"https:\/\/api.w.org\/{rel}","templated":true}]}}