{"id":5944,"date":"2025-12-30T11:44:53","date_gmt":"2025-12-30T10:44:53","guid":{"rendered":"https:\/\/clinicadelpcrga.cl\/tienda\/?post_type=product&#038;p=5944"},"modified":"2025-12-30T11:51:51","modified_gmt":"2025-12-30T10:51:51","slug":"mouse-pad-gamer-xtech-stratega","status":"publish","type":"product","link":"https:\/\/clinicadelpcrga.cl\/tienda\/producto\/mouse-pad-gamer-xtech-stratega\/","title":{"rendered":"Mouse pad Gamer Xtech Stratega"},"content":{"rendered":"<p>Alfombrilla Mouse Pad Lisa estilo gamer para mouse con dise\u00f1o delgado con imagen alusiva para videojuegos, flexible e impreso a color, modelo Stratega medidas 28x24x0.2cm , Superficie de tela que ofrece m\u00ednima fricci\u00f3n para deslizar el rat\u00f3n con m\u00e1xima precisi\u00f3n y velocidad, Con base de goma antideslizante que mantiene la alfombrilla fija en su lugar<br \/>\nTipo: Alfombrilla para mouse Gaming Serier<br \/>\nMaterial: Superficie de tela con base antideslizante<\/p>\n","protected":false},"excerpt":{"rendered":"<p>Alfombrilla Mouse Pad Lisa estilo gamer para mouse con dise\u00f1o delgado<br \/>\ncon imagen alusiva para videojuegos, flexible e impreso a color,<br \/>\nmodelo Stratega medidas 28x24x0.2cm.<\/p>\n","protected":false},"featured_media":5791,"template":"","meta":{"_uag_custom_page_level_css":""},"product_brand":[83],"product_cat":[84],"product_tag":[],"class_list":{"0":"post-5944","1":"product","2":"type-product","3":"status-publish","4":"has-post-thumbnail","6":"product_brand-xtech","7":"product_cat-mouse-pad","9":"first","10":"instock","11":"shipping-taxable","12":"purchasable","13":"product-type-simple"},"uagb_featured_image_src":{"full":["https:\/\/clinicadelpcrga.cl\/tienda\/wp-content\/uploads\/2025\/12\/mouspadplano22x18.png",540,540,false],"thumbnail":["https:\/\/clinicadelpcrga.cl\/tienda\/wp-content\/uploads\/2025\/12\/mouspadplano22x18-150x150.png",150,150,true],"medium":["https:\/\/clinicadelpcrga.cl\/tienda\/wp-content\/uploads\/2025\/12\/mouspadplano22x18-300x300.png",300,300,true],"medium_large":["https:\/\/clinicadelpcrga.cl\/tienda\/wp-content\/uploads\/2025\/12\/mouspadplano22x18.png",540,540,false],"large":["https:\/\/clinicadelpcrga.cl\/tienda\/wp-content\/uploads\/2025\/12\/mouspadplano22x18.png",540,540,false],"1536x1536":["https:\/\/clinicadelpcrga.cl\/tienda\/wp-content\/uploads\/2025\/12\/mouspadplano22x18.png",540,540,false],"2048x2048":["https:\/\/clinicadelpcrga.cl\/tienda\/wp-content\/uploads\/2025\/12\/mouspadplano22x18.png",540,540,false],"woocommerce_archive_thumbnail":["https:\/\/clinicadelpcrga.cl\/tienda\/wp-content\/uploads\/2025\/12\/mouspadplano22x18-500x500.png",500,500,true],"mailpoet_newsletter_max":["https:\/\/clinicadelpcrga.cl\/tienda\/wp-content\/uploads\/2025\/12\/mouspadplano22x18.png",540,540,false],"woocommerce_thumbnail":["https:\/\/clinicadelpcrga.cl\/tienda\/wp-content\/uploads\/2025\/12\/mouspadplano22x18-500x500.png",500,500,true],"woocommerce_single":["https:\/\/clinicadelpcrga.cl\/tienda\/wp-content\/uploads\/2025\/12\/mouspadplano22x18.png",540,540,false],"woocommerce_gallery_thumbnail":["https:\/\/clinicadelpcrga.cl\/tienda\/wp-content\/uploads\/2025\/12\/mouspadplano22x18-100x100.png",100,100,true]},"uagb_author_info":{"display_name":"pcrga2025t","author_link":"https:\/\/clinicadelpcrga.cl\/tienda\/author\/"},"uagb_comment_info":0,"uagb_excerpt":"Alfombrilla Mouse Pad Lisa estilo gamer para mouse con dise\u00f1o delgado con imagen alusiva para videojuegos, flexible e impreso a color, modelo Stratega medidas 28x24x0.2cm.","jetpack_sharing_enabled":true,"_links":{"self":[{"href":"https:\/\/clinicadelpcrga.cl\/tienda\/wp-json\/wp\/v2\/product\/5944","targetHints":{"allow":["GET"]}}],"collection":[{"href":"https:\/\/clinicadelpcrga.cl\/tienda\/wp-json\/wp\/v2\/product"}],"about":[{"href":"https:\/\/clinicadelpcrga.cl\/tienda\/wp-json\/wp\/v2\/types\/product"}],"wp:featuredmedia":[{"embeddable":true,"href":"https:\/\/clinicadelpcrga.cl\/tienda\/wp-json\/wp\/v2\/media\/5791"}],"wp:attachment":[{"href":"https:\/\/clinicadelpcrga.cl\/tienda\/wp-json\/wp\/v2\/media?parent=5944"}],"wp:term":[{"taxonomy":"product_brand","embeddable":true,"href":"https:\/\/clinicadelpcrga.cl\/tienda\/wp-json\/wp\/v2\/product_brand?post=5944"},{"taxonomy":"product_cat","embeddable":true,"href":"https:\/\/clinicadelpcrga.cl\/tienda\/wp-json\/wp\/v2\/product_cat?post=5944"},{"taxonomy":"product_tag","embeddable":true,"href":"https:\/\/clinicadelpcrga.cl\/tienda\/wp-json\/wp\/v2\/product_tag?post=5944"}],"curies":[{"name":"wp","href":"https:\/\/api.w.org\/{rel}","templated":true}]}}