{"id":5939,"date":"2025-12-30T11:31:19","date_gmt":"2025-12-30T10:31:19","guid":{"rendered":"https:\/\/clinicadelpcrga.cl\/tienda\/?post_type=product&#038;p=5939"},"modified":"2025-12-30T11:32:11","modified_gmt":"2025-12-30T10:32:11","slug":"mouse-optico-usb-logitech-m100-color-negro","status":"publish","type":"product","link":"https:\/\/clinicadelpcrga.cl\/tienda\/producto\/mouse-optico-usb-logitech-m100-color-negro\/","title":{"rendered":"Mouse Optico Usb Logitech M100 Color Negro"},"content":{"rendered":"<p>Mouse &#8211; Logitech M100 &#8211; 3 botones &#8211; USB &#8211; Black (910-001601)<\/p>\n<p>Marca Logitech<br \/>\nTracking Gen\u00e9rico [\u00d3ptico]<br \/>\nCantidad de botones 3<br \/>\nDPI m\u00e1ximo 1000<br \/>\nCableado Al\u00e1mbrico<br \/>\nPeso 60 g<br \/>\nTama\u00f1o 113 x 38 x 62 mm.<br \/>\nDPI ajustable No<br \/>\nColor Negro<br \/>\nAvanzados<br \/>\nPolling rate 125 Hz<br \/>\nPeso ajustable No<br \/>\nLateralidad Ambidiestro<br \/>\nTecnolog\u00eda<br \/>\nUSB<br \/>\nIluminaci\u00f3n No<br \/>\nFuente de alimentaci\u00f3n Puerto USB<br \/>\n<img loading=\"lazy\" decoding=\"async\" src=\"https:\/\/clinicadelpcrga.cl\/tienda\/wp-content\/uploads\/2025\/12\/w1200h1200fitpad-150x150.webp\" alt=\"mouse optico usb logitech m100 color negro\" width=\"150\" height=\"150\" class=\"alignleft size-thumbnail wp-image-5940\" title=\"Mouse Optico Usb Logitech M100 Color Negro\" srcset=\"https:\/\/clinicadelpcrga.cl\/tienda\/wp-content\/uploads\/2025\/12\/w1200h1200fitpad-150x150.webp 150w, https:\/\/clinicadelpcrga.cl\/tienda\/wp-content\/uploads\/2025\/12\/w1200h1200fitpad-500x500.webp 500w, https:\/\/clinicadelpcrga.cl\/tienda\/wp-content\/uploads\/2025\/12\/w1200h1200fitpad-100x100.webp 100w, https:\/\/clinicadelpcrga.cl\/tienda\/wp-content\/uploads\/2025\/12\/w1200h1200fitpad-600x600.webp 600w, https:\/\/clinicadelpcrga.cl\/tienda\/wp-content\/uploads\/2025\/12\/w1200h1200fitpad-300x300.webp 300w, https:\/\/clinicadelpcrga.cl\/tienda\/wp-content\/uploads\/2025\/12\/w1200h1200fitpad-1024x1024.webp 1024w, https:\/\/clinicadelpcrga.cl\/tienda\/wp-content\/uploads\/2025\/12\/w1200h1200fitpad-768x768.webp 768w, https:\/\/clinicadelpcrga.cl\/tienda\/wp-content\/uploads\/2025\/12\/w1200h1200fitpad.webp 1200w\" sizes=\"auto, (max-width: 150px) 100vw, 150px\" \/><\/p>\n","protected":false},"excerpt":{"rendered":"<p>El Logitech M100 es un mouse al\u00e1mbrico dise\u00f1ado para usuarios que buscan un dispositivo sencillo,<br \/>\nconfiable y c\u00f3modo para el uso diario en oficinas, hogares o entornos educativos. <\/p>\n","protected":false},"featured_media":5779,"template":"","meta":{"_uag_custom_page_level_css":""},"product_brand":[66],"product_cat":[81],"product_tag":[],"class_list":{"0":"post-5939","1":"product","2":"type-product","3":"status-publish","4":"has-post-thumbnail","6":"product_brand-logitech","7":"product_cat-mouse-y-teclados","9":"first","10":"instock","11":"shipping-taxable","12":"purchasable","13":"product-type-simple"},"uagb_featured_image_src":{"full":["https:\/\/clinicadelpcrga.cl\/tienda\/wp-content\/uploads\/2025\/12\/Mouse-con-Cable-Logitech-M100-Negro-2.webp",540,540,false],"thumbnail":["https:\/\/clinicadelpcrga.cl\/tienda\/wp-content\/uploads\/2025\/12\/Mouse-con-Cable-Logitech-M100-Negro-2-150x150.webp",150,150,true],"medium":["https:\/\/clinicadelpcrga.cl\/tienda\/wp-content\/uploads\/2025\/12\/Mouse-con-Cable-Logitech-M100-Negro-2-300x300.webp",300,300,true],"medium_large":["https:\/\/clinicadelpcrga.cl\/tienda\/wp-content\/uploads\/2025\/12\/Mouse-con-Cable-Logitech-M100-Negro-2.webp",540,540,false],"large":["https:\/\/clinicadelpcrga.cl\/tienda\/wp-content\/uploads\/2025\/12\/Mouse-con-Cable-Logitech-M100-Negro-2.webp",540,540,false],"1536x1536":["https:\/\/clinicadelpcrga.cl\/tienda\/wp-content\/uploads\/2025\/12\/Mouse-con-Cable-Logitech-M100-Negro-2.webp",540,540,false],"2048x2048":["https:\/\/clinicadelpcrga.cl\/tienda\/wp-content\/uploads\/2025\/12\/Mouse-con-Cable-Logitech-M100-Negro-2.webp",540,540,false],"woocommerce_archive_thumbnail":["https:\/\/clinicadelpcrga.cl\/tienda\/wp-content\/uploads\/2025\/12\/Mouse-con-Cable-Logitech-M100-Negro-2-500x500.webp",500,500,true],"mailpoet_newsletter_max":["https:\/\/clinicadelpcrga.cl\/tienda\/wp-content\/uploads\/2025\/12\/Mouse-con-Cable-Logitech-M100-Negro-2.webp",540,540,false],"woocommerce_thumbnail":["https:\/\/clinicadelpcrga.cl\/tienda\/wp-content\/uploads\/2025\/12\/Mouse-con-Cable-Logitech-M100-Negro-2-500x500.webp",500,500,true],"woocommerce_single":["https:\/\/clinicadelpcrga.cl\/tienda\/wp-content\/uploads\/2025\/12\/Mouse-con-Cable-Logitech-M100-Negro-2.webp",540,540,false],"woocommerce_gallery_thumbnail":["https:\/\/clinicadelpcrga.cl\/tienda\/wp-content\/uploads\/2025\/12\/Mouse-con-Cable-Logitech-M100-Negro-2-100x100.webp",100,100,true]},"uagb_author_info":{"display_name":"pcrga2025t","author_link":"https:\/\/clinicadelpcrga.cl\/tienda\/author\/"},"uagb_comment_info":0,"uagb_excerpt":"El Logitech M100 es un mouse al\u00e1mbrico dise\u00f1ado para usuarios que buscan un dispositivo sencillo, confiable y c\u00f3modo para el uso diario en oficinas, hogares o entornos educativos.","jetpack_sharing_enabled":true,"_links":{"self":[{"href":"https:\/\/clinicadelpcrga.cl\/tienda\/wp-json\/wp\/v2\/product\/5939","targetHints":{"allow":["GET"]}}],"collection":[{"href":"https:\/\/clinicadelpcrga.cl\/tienda\/wp-json\/wp\/v2\/product"}],"about":[{"href":"https:\/\/clinicadelpcrga.cl\/tienda\/wp-json\/wp\/v2\/types\/product"}],"wp:featuredmedia":[{"embeddable":true,"href":"https:\/\/clinicadelpcrga.cl\/tienda\/wp-json\/wp\/v2\/media\/5779"}],"wp:attachment":[{"href":"https:\/\/clinicadelpcrga.cl\/tienda\/wp-json\/wp\/v2\/media?parent=5939"}],"wp:term":[{"taxonomy":"product_brand","embeddable":true,"href":"https:\/\/clinicadelpcrga.cl\/tienda\/wp-json\/wp\/v2\/product_brand?post=5939"},{"taxonomy":"product_cat","embeddable":true,"href":"https:\/\/clinicadelpcrga.cl\/tienda\/wp-json\/wp\/v2\/product_cat?post=5939"},{"taxonomy":"product_tag","embeddable":true,"href":"https:\/\/clinicadelpcrga.cl\/tienda\/wp-json\/wp\/v2\/product_tag?post=5939"}],"curies":[{"name":"wp","href":"https:\/\/api.w.org\/{rel}","templated":true}]}}