{"id":5930,"date":"2025-12-30T10:52:53","date_gmt":"2025-12-30T09:52:53","guid":{"rendered":"https:\/\/clinicadelpcrga.cl\/tienda\/?post_type=product&#038;p=5930"},"modified":"2025-12-30T11:03:25","modified_gmt":"2025-12-30T10:03:25","slug":"pasta-termica-arctic-mx-4","status":"publish","type":"product","link":"https:\/\/clinicadelpcrga.cl\/tienda\/producto\/pasta-termica-arctic-mx-4\/","title":{"rendered":"Pasta T\u00e9rmica Arctic Mx-4"},"content":{"rendered":"<p>El compuesto ARCTIC MX-4 est\u00e1 compuesto por micro part\u00edculas de carbono que permiten una conductividad t\u00e9rmica extremadamente alta. Esto garantiza que el calor generado por la CPU o GPU se disipa de forma r\u00e1pida y eficiente. Con un excelente rendimiento, MX-4 es el mejor compa\u00f1ero para overclockers y entusiastas. Especificaciones: &#8211; Conductividad: 8.5 W\/mk &#8211; Viscosidad: 870 &#8211; Densidad (g\/cm\u00b3): 2.5 &#8211; Peso neto: 4 gr &#8211; Aplicaciones: Notebook, CPU, GPU, PS4, XBOX ONE.<\/p>\n","protected":false},"excerpt":{"rendered":"<p>ARCTIC MX-4 est\u00e1 compuesto por micro part\u00edculas de carbono<br \/>\nque permiten una conductividad t\u00e9rmica extremadamente alta.<\/p>\n","protected":false},"featured_media":5819,"template":"","meta":{"_uag_custom_page_level_css":""},"product_brand":[80],"product_cat":[79,57],"product_tag":[],"class_list":{"0":"post-5930","1":"product","2":"type-product","3":"status-publish","4":"has-post-thumbnail","6":"product_brand-arctic","7":"product_cat-enfriamiento","8":"product_cat-gamer-y-poder-grafico","10":"first","11":"instock","12":"shipping-taxable","13":"purchasable","14":"product-type-simple"},"uagb_featured_image_src":{"full":["https:\/\/clinicadelpcrga.cl\/tienda\/wp-content\/uploads\/2025\/12\/Pasta-termica3.png",495,517,false],"thumbnail":["https:\/\/clinicadelpcrga.cl\/tienda\/wp-content\/uploads\/2025\/12\/Pasta-termica3-150x150.png",150,150,true],"medium":["https:\/\/clinicadelpcrga.cl\/tienda\/wp-content\/uploads\/2025\/12\/Pasta-termica3-287x300.png",287,300,true],"medium_large":["https:\/\/clinicadelpcrga.cl\/tienda\/wp-content\/uploads\/2025\/12\/Pasta-termica3.png",495,517,false],"large":["https:\/\/clinicadelpcrga.cl\/tienda\/wp-content\/uploads\/2025\/12\/Pasta-termica3.png",495,517,false],"1536x1536":["https:\/\/clinicadelpcrga.cl\/tienda\/wp-content\/uploads\/2025\/12\/Pasta-termica3.png",495,517,false],"2048x2048":["https:\/\/clinicadelpcrga.cl\/tienda\/wp-content\/uploads\/2025\/12\/Pasta-termica3.png",495,517,false],"woocommerce_archive_thumbnail":["https:\/\/clinicadelpcrga.cl\/tienda\/wp-content\/uploads\/2025\/12\/Pasta-termica3.png",495,517,false],"mailpoet_newsletter_max":["https:\/\/clinicadelpcrga.cl\/tienda\/wp-content\/uploads\/2025\/12\/Pasta-termica3.png",495,517,false],"woocommerce_thumbnail":["https:\/\/clinicadelpcrga.cl\/tienda\/wp-content\/uploads\/2025\/12\/Pasta-termica3-495x500.png",495,500,true],"woocommerce_single":["https:\/\/clinicadelpcrga.cl\/tienda\/wp-content\/uploads\/2025\/12\/Pasta-termica3.png",495,517,false],"woocommerce_gallery_thumbnail":["https:\/\/clinicadelpcrga.cl\/tienda\/wp-content\/uploads\/2025\/12\/Pasta-termica3-100x100.png",100,100,true]},"uagb_author_info":{"display_name":"pcrga2025t","author_link":"https:\/\/clinicadelpcrga.cl\/tienda\/author\/"},"uagb_comment_info":0,"uagb_excerpt":"ARCTIC MX-4 est\u00e1 compuesto por micro part\u00edculas de carbono que permiten una conductividad t\u00e9rmica extremadamente alta.","jetpack_sharing_enabled":true,"_links":{"self":[{"href":"https:\/\/clinicadelpcrga.cl\/tienda\/wp-json\/wp\/v2\/product\/5930","targetHints":{"allow":["GET"]}}],"collection":[{"href":"https:\/\/clinicadelpcrga.cl\/tienda\/wp-json\/wp\/v2\/product"}],"about":[{"href":"https:\/\/clinicadelpcrga.cl\/tienda\/wp-json\/wp\/v2\/types\/product"}],"wp:featuredmedia":[{"embeddable":true,"href":"https:\/\/clinicadelpcrga.cl\/tienda\/wp-json\/wp\/v2\/media\/5819"}],"wp:attachment":[{"href":"https:\/\/clinicadelpcrga.cl\/tienda\/wp-json\/wp\/v2\/media?parent=5930"}],"wp:term":[{"taxonomy":"product_brand","embeddable":true,"href":"https:\/\/clinicadelpcrga.cl\/tienda\/wp-json\/wp\/v2\/product_brand?post=5930"},{"taxonomy":"product_cat","embeddable":true,"href":"https:\/\/clinicadelpcrga.cl\/tienda\/wp-json\/wp\/v2\/product_cat?post=5930"},{"taxonomy":"product_tag","embeddable":true,"href":"https:\/\/clinicadelpcrga.cl\/tienda\/wp-json\/wp\/v2\/product_tag?post=5930"}],"curies":[{"name":"wp","href":"https:\/\/api.w.org\/{rel}","templated":true}]}}