{"id":24,"date":"2025-10-28T20:18:02","date_gmt":"2025-10-28T19:18:02","guid":{"rendered":"https:\/\/clinicadelpcrga.cl\/clinicapc\/?page_id=24"},"modified":"2026-02-04T04:49:48","modified_gmt":"2026-02-04T03:49:48","slug":"quienes-somos","status":"publish","type":"page","link":"https:\/\/clinicadelpcrga.cl\/clinicapc\/quienes-somos\/","title":{"rendered":"Qui\u00e9nes Somos"},"content":{"rendered":"\r\n<p class=\"wp-block-paragraph\"><span style=\"font-size: 24pt;\"><strong>Qui\u00e9nes Somos<\/strong><\/span><\/p>\r\n\r\n\r\n\r\n<p class=\"wp-block-paragraph\"><strong>Cl\u00ednica del PC<\/strong>\u00a0es una empresa dedicada a ofrecer soluciones tecnol\u00f3gicas tanto a nivel usuario como empresarial, ofrecemos una variedad de servicios digitales que complementan su atenci\u00f3n t\u00e9cnica. Aqu\u00ed les dejamos un resumen de los servicios digitales con los cuales actualmente contamos:<\/p>\r\n\r\n\r\n\r\n<ol class=\"wp-block-list\" start=\"1\">\r\n<li><strong>Reparaci\u00f3n de Dispositivos<\/strong>:\r\n<ul class=\"wp-block-list\">\r\n<li><strong>Computadores<\/strong>: Diagn\u00f3stico y reparaci\u00f3n de hardware y software.<\/li>\r\n\r\n\r\n\r\n<li><strong>Celulares<\/strong>: Reparaciones de pantallas, bater\u00edas y otros componentes.<\/li>\r\n\r\n\r\n\r\n<li><strong>Impresoras<\/strong>: Mantenimiento y reparaci\u00f3n de impresoras de diversas marcas.<\/li>\r\n<\/ul>\r\n<\/li>\r\n\r\n\r\n\r\n<li><strong>Mantenci\u00f3n de Equipos<\/strong>:\r\n<ul class=\"wp-block-list\">\r\n<li>Servicios de mantenci\u00f3n para toda clase de computadores e impresoras.<\/li>\r\n<\/ul>\r\n<\/li>\r\n\r\n\r\n\r\n<li><strong>Asesor\u00eda T\u00e9cnica<\/strong>:\r\n<ul class=\"wp-block-list\">\r\n<li>Consultas sobre problemas t\u00e9cnicos y recomendaciones para optimizar el rendimiento de tus dispositivos.<\/li>\r\n\r\n\r\n\r\n<li>Consulta sobre la asistencia t\u00e9cnica para adquirir un equipo.<\/li>\r\n<\/ul>\r\n<\/li>\r\n\r\n\r\n\r\n<li><strong>Soporte Remoto<\/strong>:\r\n<ul class=\"wp-block-list\">\r\n<li>Asistencia t\u00e9cnica a distancia para resolver problemas de software sin necesidad de desplazamiento.<\/li>\r\n<\/ul>\r\n<\/li>\r\n\r\n\r\n\r\n<li><strong>Certificaci\u00f3n\u00a0DELL<\/strong>:\r\n<ul class=\"wp-block-list\">\r\n<li>Somos un centro certificado para la marca\u00a0<strong>DELL<\/strong>, lo que garantiza un servicio especializado para productos de esta marca.<\/li>\r\n<\/ul>\r\n<\/li>\r\n<\/ol>\r\n<p>&nbsp;<\/p>\r\n\r\n\r\n\r\n<p class=\"wp-block-paragraph\"><span style=\"font-size: 14pt;\"><strong>Nuestras redes<\/strong><\/span><\/p>\r\n<p><strong>S\u00edguenos en nuestras diferentes cuentas<\/strong><\/p>\r\n<table style=\"height: 68px; width: 100%; border-collapse: collapse; border-color: 0; background-color: 0;\" border=\"0\" cellspacing=\"0\" cellpadding=\"0\">\r\n<tbody>\r\n<tr style=\"height: 10px;\">\r\n<td style=\"width: 100%; height: 10px;\">Facebook:<strong> https:\/\/web.facebook.com\/ClinicadelRancagua<\/strong><\/td>\r\n<\/tr>\r\n<tr style=\"height: 10px;\">\r\n<td style=\"width: 100%; height: 10px;\">Instagram:\u00a0 <strong>https:\/\/www.instagram.com\/clicadelpc<\/strong><\/td>\r\n<\/tr>\r\n<tr style=\"height: 24px;\">\r\n<td style=\"width: 100%; height: 24px;\">Tiktok:\u00a0\u00a0 <strong>https:\/\/www.tiktok.com\/@clinicadelpc<\/strong><\/td>\r\n<\/tr>\r\n<\/tbody>\r\n<\/table>\r\n\r\n\r\n\r\n\r\n\r\n\r\n\r\n<p class=\"wp-block-paragraph\">&nbsp;<\/p>\r\n<p><strong>\u00bfPor Qu\u00e9\u00a0escogernos?<\/strong><\/p>\r\n\r\n\r\n\r\n<p class=\"wp-block-paragraph\"><strong>Somos\u00a0Profesionales dispuestos a garantizar una buena atenci\u00f3n y un muy buen trabajo, cumpliendo los tiempos acordados e incluso mejor\u00e1ndolos, trabajamos en base a la honestidad y claridad, las personas nos eligen por ser transparentes a la hora de entregar un diagnostico y por la amabilidad y confianza que les entregamos.<\/strong><\/p>\r\n\r\n\r\n\r\n<p class=\"wp-block-paragraph\"><strong>Aparte de ello trabajamos o somos parthner de una de las empresas mas grandes a nivel mundial en el \u00e1rea de la computaci\u00f3n DELL<\/strong><\/p>\r\n<p>&nbsp;<\/p>\r\n<p>&nbsp;<\/p>\r\n","protected":false},"excerpt":{"rendered":"<p>Qui\u00e9nes Somos Cl\u00ednica del PC\u00a0es una empresa dedicada a ofrecer soluciones tecnol\u00f3gicas tanto a nivel usuario como empresarial, ofrecemos una variedad de servicios digitales que complementan su atenci\u00f3n t\u00e9cnica. Aqu\u00ed&hellip;<\/p>\n","protected":false},"author":1,"featured_media":0,"parent":0,"menu_order":0,"comment_status":"closed","ping_status":"closed","template":"","meta":{"_crdt_document":"","_joinchat":[],"footnotes":""},"class_list":["post-24","page","type-page","status-publish","hentry"],"_links":{"self":[{"href":"https:\/\/clinicadelpcrga.cl\/clinicapc\/wp-json\/wp\/v2\/pages\/24","targetHints":{"allow":["GET"]}}],"collection":[{"href":"https:\/\/clinicadelpcrga.cl\/clinicapc\/wp-json\/wp\/v2\/pages"}],"about":[{"href":"https:\/\/clinicadelpcrga.cl\/clinicapc\/wp-json\/wp\/v2\/types\/page"}],"author":[{"embeddable":true,"href":"https:\/\/clinicadelpcrga.cl\/clinicapc\/wp-json\/wp\/v2\/users\/1"}],"replies":[{"embeddable":true,"href":"https:\/\/clinicadelpcrga.cl\/clinicapc\/wp-json\/wp\/v2\/comments?post=24"}],"version-history":[{"count":19,"href":"https:\/\/clinicadelpcrga.cl\/clinicapc\/wp-json\/wp\/v2\/pages\/24\/revisions"}],"predecessor-version":[{"id":251,"href":"https:\/\/clinicadelpcrga.cl\/clinicapc\/wp-json\/wp\/v2\/pages\/24\/revisions\/251"}],"wp:attachment":[{"href":"https:\/\/clinicadelpcrga.cl\/clinicapc\/wp-json\/wp\/v2\/media?parent=24"}],"curies":[{"name":"wp","href":"https:\/\/api.w.org\/{rel}","templated":true}]}}